*p - 2. Determine q(5).
143
Let k(i) = -125*i - 12001. What is k(-96)?
-1
Let b(y) = -35*y + 17. Give b(5).
-158
Let x(d) = 475*d - 2363. Determine x(5).
12
Let n(q) = 6*q**2 + 1. Determine n(-6).
217
Let k(h) = 224*h - 725. Give k(3).
-53
Let k(x) = 116*x + 5223. Give k(-45).
3
Let t(g) = -3*g**3 + 23*g**2 + 17*g - 22. What is t(9)?
-193
Let m(s) = 2*s**2 - 85*s - 1358. Give m(55).
17
Let m(p) = p**2 - 30*p - 34. Give m(29).
-63
Let y(j) = j**2 - 42*j - 68. What is y(40)?
-148
Let n(o) = -o**2 - 54*o + 203. What is n(-62)?
-293
Let q(x) = -2*x**3 + 86*x**2 + 695*x - 11. Determine q(-7).
24
Let z(m) = 2*m**2 + 60*m + 102. Determine z(-28).
-10
Let x(u) = -315*u + 1843. Determine x(8).
-677
Let s(c) = -41*c - 6. Calculate s(0).
-6
Let t(r) = r**3 - 42*r**2 + 199*r - 32. Calculate t(5).
38
Let n(j) = -j**2 - 1425*j - 33628. Calculate n(-24).
-4
Let a(y) = -80*y + 2635. Calculate a(33).
-5
Let p(w) = w**2 - w - 127. Give p(0).
-127
Let g(t) = t**3 + 2*t**2 + 14*t - 11. Determine g(-6).
-239
Let z(r) = 3*r**2 - 67*r + 350. Calculate z(12).
-22
Let j(z) = -z**3 + 2*z**2 + 48*z - 102. Calculate j(2).
-6
Let y(h) = -h**3 + 6*h**2 + 12*h - 52. Determine y(6).
20
Let c(l) = -15*l + 245. Determine c(7).
140
Let k(s) = -s**2 - 52*s + 783. Calculate k(-64).
15
Let w(m) = m**2 + 4*m - 292. Determine w(15).
-7
Let t(q) = 8*q**2 + 34*q - 1. Calculate t(-5).
29
Let u(p) = p**3 - 22*p**2 + 26*p - 2. What is u(20)?
-282
Let i(q) = q**3 - 56*q**2 + 230*q + 1269. Calculate i(51).
-6
Let g(s) = -77*s + 933. What is g(15)?
-222
Let s(c) = 160*c + 2161. Calculate s(-14).
-79
Let p(b) = 93*b - 2168. Calculate p(23).
-29
Let t(c) = -c**3 + 19*c**2 + 11*c + 538. Determine t(21).
-113
Let y(u) = u**3 + 8*u**2 - u + 16. What is y(-5)?
96
Let c(p) = 12*p**2 - 567*p - 28. What is c(47)?
-169
Let d(z) = z**2 - 45*z + 88. Determine d(44).
44
Let o(s) = 11*s - 62. Give o(5).
-7
Let x(l) = 79*l + 16. Calculate x(1).
95
Let x(h) = h**3 - 17*h**2 + 10*h + 45. Calculate x(16).
-51
Let v(s) = -s**2 - 18*s + 109. Determine v(6).
-35
Let s(u) = 194*u - 3097. Give s(16).
7
Let r(j) = -4*j**2 + 11*j - 15. Calculate r(7).
-134
Let a(t) = t**3 + 58*t**2 - 124*t + 63. Determine a(-60).
303
Let i(o) = 2*o**2 + 8*o - 247. Give i(-19).
323
Let u(i) = -2*i**2 + 41*i - 110. Determine u(16).
34
Let c(w) = 12*w**2 - 9*w - 65. Give c(7).
460
Let b(g) = -2*g**3 + 8*g**2 + 6*g + 37. Give b(5).
17
Let x(a) = 268*a - 72. What is x(0)?
-72
Let a(r) = 158*r**2 + 443*r + 3. What is a(-3)?
96
Let p(c) = -17*c + 310. Give p(10).
140
Let z(q) = -2*q**2 - 118*q + 1403. Calculate z(-69).
23
Let c(y) = y**3 - 48*y**2 - 8*y + 500. Calculate c(48).
116
Let l(s) = -100*s - 885. What is l(-9)?
15
Let w(j) = j**2 - 40*j - 2519. Give w(75).
106
Let x(n) = 2*n**2 - 23*n + 67. Determine x(13).
106
Let h(s) = -3*s**2 - 511*s - 1672. What is h(-167)?
-2
Let c(u) = u**3 + 62*u**2 - 204*u - 573. What is c(-65)?
12
Let n(g) = 4*g**2 + 99*g - 357. What is n(-28)?
7
Let y(a) = 65*a - 313. Calculate y(4).
-53
Let r(a) = a**3 + 11*a**2 + 17*a - 6. Calculate r(-2).
-4
Let o(s) = 28*s**3 - s**2 - 2*s - 2. What is o(-1)?
-29
Let f(b) = b**3 - b**2 - 11*b - 19. Calculate f(-2).
-9
Let b(n) = -n**3 - 11*n**2 - 25*n - 84. Give b(-10).
66
Let k(h) = -2*h**2 + 1551*h + 7772. Determine k(-5).
-33
Let w(c) = 17*c - 106. Give w(7).
13
Let p(o) = 8035*o + 56247. Give p(-7).
2
Let m(f) = 19*f - 68. Give m(7).
65
Let q(p) = p**2 + 690*p + 8801. Calculate q(-13).
0
Let c(y) = 1624*y + 4857. What is c(-3)?
-15
Let n(x) = -x**3 + 29*x**2 + 47*x - 497. What is n(30)?
13
Let x(a) = 101*a**2 + 726*a + 111. Calculate x(-7).
-22
Let l(b) = 3*b**2 - 71*b - 31. Determine l(29).
433
Let u(n) = 6*n**2 - 36*n - 6. Determine u(0).
-6
Let w(a) = -22*a + 895. Determine w(42).
-29
Let t(a) = -11*a**2 + 128*a + 369. What is t(14)?
5
Let x(w) = -41*w**2 - 1030*w - 128. Calculate x(-25).
-3
Let z(l) = -2*l**3 - 23*l**2 + 41*l - 2. What is z(-13)?
-28
Let l(q) = -6*q**3 - q**2 + 25*q - 34. Give l(4).
-334
Let d(i) = -633*i + 3176. Give d(5).
11
Let b(d) = 3*d**3 - 103*d**2 + 126*d + 103. Determine b(33).
-95
Let j(y) = -15*y - 172. What is j(0)?
-172
Let a(h) = h**2 + 8*h - 330. Calculate a(-22).
-22
Let n(c) = 68*c**2 - 248*c + 25. Determine n(3).
-107
Let i(c) = -28*c - 114. What is i(-8)?
110
Let c(k) = k**3 - 3*k**2 + 16*k - 105. What is c(9)?
525
Let o(p) = -2*p**3 - 15*p**2 - 6*p - 21. What is o(-7)?
-28
Let a(t) = 54*t + 1516. Calculate a(-28).
4
Let g(r) = -13*r**3 - 2*r**2 - 30*r - 67. What is g(-2)?
89
Let o(f) = 2*f**3 + 128*f**2 - 131*f - 146. Give o(-65).
-81
Let x(q) = q**2 + 10*q + 14. Calculate x(-6).
-10
Let w(d) = -d**3 + 12*d**2 - 61*d + 417. Give w(10).
7
Let t(c) = -227*c + 4535. Determine t(20).
-5
Let p(c) = 13*c + 11. Calculate p(-2).
-15
Let j(x) = -x**3 + 18*x**2 - 3*x - 49. Determine j(18).
-103
Let c(r) = -2*r**3 - 17*r**2 + 82*r + 533. Give c(-10).
13
Let k(m) = -m**3 - 7*m**2 - 9*m - 5. Determine k(-4).
-17
Let k(p) = p**2 - 22*p - 77. Give k(-10).
243
Let m(h) = 3*h**2 - 93*h + 113. Determine m(30).
23
Let m(i) = 2*i**3 + 68*i**2 - 78*i + 25. What is m(-35)?
305
Let f(b) = 927*b + 1790. What is f(-2)?
-64
Let r(s) = 114*s + 222. What is r(-2)?
-6
Let y(s) = 257*s - 1786. Determine y(7).
13
Let l(z) = 3*z**3 - 43*z**2 + 15*z + 16. Calculate l(14).
30
Let x(r) = r - 116. Determine x(18).
-98
Let s(z) = -3*z**3 + 7*z**2 + 10*z - 17. Give s(5).
-167
Let w(p) = -40*p**3 + p**2 + 61*p - 62. Calculate w(1).
-40
Let m(z) = -13*z - 45. Determine m(-3).
-6
Let y(h) = -2*h + 80. What is y(-17)?
114
Let p(b) = 3*b**2 + 56*b - 3. Determine p(-19).
16
Let v(j) = -239*j - 2979. Determine v(-13).
128
Let o(l) = -2686*l + 29537. Calculate o(11).
-9
Let t(d) = -3*d**3 + 6*d**2 + 3*d + 14. What is t(-5)?
524
Let h(u) = 2*u**3 - 14*u**2 + 3*u + 4. Calculate h(6).
-50
Let l(f) = -f**3 - 25*f**2 + 54*f + 30. Calculate l(-27).
30
Let q(x) = -x**3 - 48*x**2 + 98*x - 106. Calculate q(-50).
-6
Let x(t) = t**2 + 43*t + 66. Determine x(-49).
360
Let n(b) = b**2 - 51*b - 2549. Give n(82).
-7
Let w(o) = 72*o - 211. What is w(6)?
221
Let d(b) = 2*b**2 + 11*b - 101. Determine d(10).
209
Let u(i) = 3*i**3 + 18*i**2 + 27*i - 13. Determine u(-2).
-19
Let k(g) = 10*g - 194. Calculate k(15).
-44
Let q(g) = -g**2 - 10*g + 758. Determine q(-33).
-1
Let k(f) = -304*f + 941. Give k(5).
-579
Let m(k) = -2*k**3 - 20*k**2 - 4*k - 38. Calculate m(-10).
2
Let l(d) = -175*d - 5599. Determine l(-32).
1
Let u(l) = 9*l + 111. Give u(-9).
30
Let r(b) = b**2 + 44*b - 276. Determine r(-49).
-31
Let k(t) = 526*t - 5780. Calculate k(11).
6
Let o(r) = r**2 - 34*r - 4896. Calculate o(-55).
-1
Let a(h) = -389*h - 5452. Determine a(-14).
-6
Let p(s) = -s**2 - 59*s + 467. Determine p(10).
-223
Let k(w) = -3*w**2 + 12*w + 43. Give k(13).
-308
Let d(x) = x**3 - 19*x**2 - 59*x - 148. Give d(22).
6
Let y(u) = u**3 - 11*u**2 - 123*u + 785. Give y(6).
-133
Let t(h) = 28*h**2 + 1473*h + 892. Determine t(-52).
8
Let v(h) = -2*h**2 + 150*h - 212. What is v(74)?
-64
Let z(b) = 118*b - 1885. Determine z(16).
3
Let p(c) = 10*c + 630. Give p(44).
1070
Let r(o) = -o**2 - 108*o + 558. Calculate r(-113).
-7
Let v(q) = -q**2 + 8*q + 848. Calculate v(32).
80
Let d(x) = x**2 - 63*x - 220. Determine d(49).
-906
Let q(j) = j**3 + 21*j**2 + 82*j + 1734. Give q(-21).
12
Let v(z) = -28*z + 474. Determine v(7).
278
Let k(f) = -5*f**2 - 100*f - 90. Give k(-19).
5
Let g(v) = 799*v + 5605. Calculate g(-7).
12
Let h(p) = 2*p**3 - 9*p**2 + 89*p - 478. Determine h(5).
-8
Let o(t) = -t**3 - 50*t**2 - 95*t - 4732. Determine o(-50).
18
Let w(l) = 10*l**2 - 45*l + 59. Determine w(3).
14
Let w(t) = 35*t**2 + 980*t + 40. Give w(-28).
40
Let j(v) = -2254*v - 2260. Determine j(-1).
-6
Let p(q) = 1111*q - 264. Calculate p(1).
847
Let z(d) = -9*d**2 - 76*d - 160. Determine z(-5).
-5
Let t(x) = x**3 + 108*x**2 + 2693*x + 83. Calculate t(-39).
5
Let t(j) = -7*j**3 + 7*j**2 + 32*j + 4. Calculate t(-4).
436
Let p(c) = -750*c + 3836. Determine p(5).
86
Let n(k) = -19*k**2 - 30. Determine n(5).
-505
Let m(h) = -2*h**3 + 16*h**2 + 1902*h - 15216. What is m(8)?
0
Let j(t) = -11*t - 191. Calculate j(-17).
-4
Let o(x) = x**2 + 135*x - 1582. Calculate o(11).
24
Let a(q) = 13*q**3 + 2*q**2 - 4*q + 4. Calculate a(1).
15
Let j(t) = -384